 = -7*m + 9. Let h(x) = x**3 + 18*x**2 + 12*x - 82. Let t be h(-17). Calculate r(t).
-12
Let k(u) = -4*u**3 + 3*u**2 - 2*u - 13. Let o(b) = 3*b**3 - 2*b**2 + b + 13. Let q(x) = 2*k(x) + 3*o(x). Let g = 2529 + -2529. Determine q(g).
13
Let c(l) = -l**2 - 8*l - 6. Let h(s) = s**3 - 9*s**2 + 15*s - 14. Let r be h(7). Determine c(r).
1
Let h(k) = -5*k - 97 + 193 + 2*k**2 - 104. Give h(5).
17
Suppose -3 = 3*f + 3. Let k(g) be the second derivative of -1/4*g**4 - 1/3*g**3 + 0 + 5*g - 3/2*g**2. Give k(f).
-11
Suppose -3*l = 23 + 31. Let t be 2*-3*15/l. Let d(b) = b**3 - 5*b**2. What is d(t)?
0
Let a(d) = 2*d**2 - 6*d + 2. Let n(r) = -r - 10. Let q be n(-13). Let o(t) = -q*t**2 + 3*t**2 + 2*t**2 + 4 - t**2 - 7*t. Let p be o(7). Calculate a(p).
10
Let x(t) = t**3 + t - 1. Let r(a) = 6*a**3 - 5*a**2 - a - 11. Let v(k) = r(k) - 5*x(k). Let s be v(6). Let y(f) = -f - 1. Give y(s).
5
Let p(i) = 2*i - 2*i + 2*i**2 + 1 - 4*i**2 - 2*i. Let g be p(-2). Let d(x) = 0*x**2 + 3*x**2 + 4*x + 3 - 2*x**2. Give d(g).
0
Let z(k) = k - 22. Let o(w) = -w + 6. Let d(q) = -2*o(q) - z(q). Give d(-9).
1
Let j(z) = 9*z**2 - 8 - 3*z**2 + 25*z + 18. Let x(v) = v**2 + 2*v + 3*v - 2 + 3 + 1. Let h(u) = 2*j(u) - 11*x(u). Determine h(6).
4
Suppose 3*q - c - 39 = 0, -47 = -2*q + 5*c - 8. Suppose 6 = q*y - 13*y. Let n(p) = 3*p + 8. Determine n(y).
-10
Let a(g) = 21*g**2 - 46*g + 102*g - 55*g. Calculate a(1).
22
Let s = -15 + 18. Suppose -s*o - 36 = -6*o. Let y(l) = l + 10*l - o*l - 2*l**2 + 1. Give y(-2).
-5
Let x(r) = 2*r - 23. Let f be x(10). Let q(l) = l**2 + 6*l - 4. Let a(t) = 2*t**2 + 13*t - 9. Let b(n) = 4*a(n) - 9*q(n). What is b(f)?
-3
Let g be -1*10/5 + 10. Let j(t) = -14*t + 2*t**2 - 2*t - t**2 + 9*t. Determine j(g).
8
Suppose -15*v - 13 = -73. Let l be 0*((v - 4) + 1). Let r(b) = b**2 + b - 14. Give r(l).
-14
Let t(k) = 2*k + k + 744 - 699. Calculate t(-18).
-9
Let v be (2/4)/((-8)/(-64)). Let m(h) = -7 + h + 9 + v. Give m(-6).
0
Let p(k) = k**3 + 72*k**2 - 10 + 74*k**2 - 155*k**2 + 2. Calculate p(9).
-8
Let d(q) = -q**3 - 5*q**2 + 8*q + 5. Let v(f) = 9*f**2 + 3*f - 3. Let c be v(3). Let a = c - 51. Suppose -r - 5*r = a. Give d(r).
-7
Let p(f) be the second derivative of f + 5/12*f**4 - 1/20*f**5 - 2*f**2 + 0 + 1/6*f**3. Let t = -229 - -234. Give p(t).
1
Let j = 5 + 2. Let z = j - 2. Let i(y) be the second derivative of y**4/12 - y**3/2 - 3*y**2/2 + 39*y - 2. Give i(z).
7
Let j(d) = -7*d - 3*d - 14 + 2*d. Let a(p) = -3*p - 5. Let y(t) = 11*a(t) - 4*j(t). Suppose 38 = -4*k + 23*k. Calculate y(k).
-1
Let z(y) be the second derivative of -y**3/2 + 3*y**2/2 + 5*y - 1. Calculate z(4).
-9
Let b(f) = 23 + 41 + 22 - 23*f - 65 + f**2 + 14. Determine b(21).
-7
Suppose 0 = 5*r - 7 - 8. Let u(g) be the second derivative of -g**5/120 + 7*g**4/24 - 7*g**3/6 + 20*g. Let n(k) be the second derivative of u(k). What is n(r)?
4
Let l(d) = d**2 + 7*d + 3. Suppose -4*p + 361 + 7 = -4*w, -3*w + 476 = 5*p. Let u = 57 - p. Let f = u - -31. Calculate l(f).
-3
Let i(k) = -k + 1. Let g be (-3 - (-1 + -6)) + 5. Suppose -6*b + 7*b + 3 = -w, -3*b - w = g. Calculate i(b).
4
Let i(y) be the first derivative of 1/24*y**4 + 0*y - 2 + 0*y**2 - 1/120*y**5 - 4/3*y**3. Let q(l) be the third derivative of i(l). What is q(7)?
-6
Let k be (-11)/(-165)*(-75)/(-60). Let p(u) be the second derivative of 0 - 4*u - 3/2*u**2 - k*u**4 + 2/3*u**3. Give p(4).
-3
Suppose 3*f + 15 = 3*v, -3*v - 5*f + 5 = -50. Suppose -3*t + 13 = v. Let m(u) = -7*u + 1. Determine m(t).
-6
Let x(s) be the first derivative of -s**3/3 + 9*s**2/2 + 6*s - 2. Let r = -25 + 34. Let b be x(r). Let v(p) = p**2 - 7*p + 7. Calculate v(b).
1
Let s(k) = 6*k**3 + 3*k**2 + 6*k + 2. Let y(i) = 7*i**3 + 3*i**2 + 7*i + 2. Let b(v) = 6*s(v) - 5*y(v). Calculate b(-4).
-18
Let o(n) = -n**2 - n - 9. Suppose 1 = -f - 0*f - 5*q, -4*f = -2*q - 18. Let v be (2/6)/(f/144). Suppose -4*j + 16 = 5*t, 0 = 4*j + v - 28. What is o(t)?
-9
Let o(f) be the second derivative of -11*f**3/6 + f**2 + 263*f. Give o(4).
-42
Let b(m) = -m**2 - 3*m + 7. Let u(y) = -y**3 + 35*y**2 - 63*y - 105. Let w be u(33). What is b(w)?
-11
Let t = -6 - -13. Let k(w) = 0 - 5 + t - 3*w. Determine k(3).
-7
Let z be 4/(-80)*3/(6/(-2)). Let o(x) be the third derivative of 1/6*x**3 + 0*x + 0 + z*x**5 + 1/12*x**4 + 4*x**2. Determine o(-2).
9
Let g be 10/(-30)*23*3. Let p = 25 + g. Let k(b) = 3*b + 2*b - 7 + 5*b**p - 6*b**2. Give k(5).
-7
Suppose -5*a = -h - 10, a - 3 = -1. Let i(q) = q**3 + q**2 - q + 17. Give i(h).
17
Let l(k) = 0*k + 0*k + 3 + 25*k - 11*k**2 + 6. Let n be 74/(-6) + 2/(-3). Let j(d) = -5*d**2 + 12*d + 4. Let b(a) = n*j(a) + 6*l(a). Calculate b(-6).
2
Suppose 0 = -0*c + c - 2. Let z(n) = 5*n + 1 - 11*n + 2*n - c*n**2 + 0*n. Determine z(-3).
-5
Let q(h) = 12*h + 7*h**2 - 13*h + 1 - 21*h**2. Determine q(1).
-14
Let a be 2/21 - (224/294 - 1). Let k(c) be the first derivative of -4*c - a*c**3 - 2*c**2 + 6. Give k(-4).
-4
Suppose 8 = -2*p - 0*p. Let y(v) = 0*v + 2*v**3 + v**3 - 2 + 6*v**2 - 4*v. Let w(g) = -5*g**3 - 12*g**2 + 8*g + 5. Let r(o) = p*w(o) - 7*y(o). Determine r(5).
-1
Let q(x) = -x**2 + 11*x - 10. Let p be q(9). Let g be (2 + (-92)/p)*-2. Let t(c) = c + c**3 + g*c**2 + 6 - 16*c**2 - 9*c**2. Give t(6).
12
Let h(g) = -3445*g - 7*g**2 + 3440*g + 5 + 0*g**2. Calculate h(1).
-7
Let w(s) = -s**2 - 3*s + 3. Let l = 67 - 65. Suppose j + 0 = l. Determine w(j).
-7
Let a(s) = 21*s - 6 + 2 + 3 - 25*s - 2*s**2. Give a(-4).
-17
Let z(m) be the second derivative of 1/6*m**3 - m - 1/2*m**2 + 0 + 1/12*m**4. Suppose -4*c - 2 = -3*p, 3*p + 2*c = 3 - 13. Determine z(p).
1
Let v(s) = s**3 + s**2 - 11. Let l = 9 - 9. Suppose l*q = 2*q. Let x be (q - 0)/3 - 0. What is v(x)?
-11
Let f(j) = -2 + 32*j - 31*j - 2 - 4. Determine f(2).
-6
Let g(d) = -3*d**3 + 10*d**2 + 5*d + 8. Let i(z) = -17*z**3 + 51*z**2 + 24*z + 39. Let o(f) = -11*g(f) + 2*i(f). Give o(-7).
-10
Let n(f) = 3*f + 1. Let u(a) = -a. Suppose -g + 16 = -5*w, 2*w + 0*g + 4 = g. Let p(j) = w*n(j) - 7*u(j). What is p(-4)?
16
Let q = 360 - 357. Let a(r) = r**3 - 6*r**2 + 3*r + 2. Determine a(q).
-16
Let a(p) = -3*p + 2. Let s(u) = -u - 2. Let g(i) = a(i) - 5*s(i). What is g(-17)?
-22
Let x be (7/28)/(2/40). Let b(y) = x*y - 50 - 5*y + 59 - y. Suppose -4*c - 3*v + 29 = -8*v, -4*c + 19 = 5*v. Give b(c).
3
Suppose -73 = -0*s - s. Let k(l) = l - s + 74 - 2*l. Give k(0).
1
Suppose -5*s - 5*b - 5 = 0, 4*s + 82*b + 8 = 79*b. Let u(j) = -j**2 - 3*j - 1. Give u(s).
-11
Let c(u) = -u**3 + 3*u**2 + 9*u - 16. Suppose 2*v + 13*d = 16*d - 4, -3*v = d - 16. What is c(v)?
4
Let b(s) = 13*s**3 + 7*s**2 + s - 19. Let x(f) = -15*f**3 - 7*f**2 + 21. Let a(n) = 7*b(n) + 6*x(n). Determine a(-5).
8
Let v(t) = 1543*t**2 - 3*t - 1540*t**2 - t + t**3 + 2. What is v(-4)?
2
Let f(z) = -17*z**3 + 5*z**2 - 15. Let c(k) = -3*k**3 + k**2. Let p(w) = -6*c(w) + f(w). Give p(0).
-15
Let q(k) be the second derivative of 7/2*k**2 + 0 + 1/3*k**3 - 21*k. Calculate q(-6).
-5
Let d(c) = 19*c + 7. Let f(m) = 21*m + 9. Let j(p) = -4*d(p) + 3*f(p). Determine j(-1).
12
Suppose -y + 4 = -0. Let c(q) = -4*q**3 + q**3 + y*q - 3 + 4*q**3 - 4*q**2. Determine c(3).
0
Let a be (-3 + 26/10)*5 + -1. Let r = a + 10. Let v(m) = m - 4. Determine v(r).
3
Let b(p) be the first derivative of -p**2 + 25*p + 23. Give b(8).
9
Suppose -5*h = 5*v + 80, 2*h + 3*h = 5*v - 30. Let a(q) = q**2 + 8*q - 5. Give a(h).
28
Suppose 0 = -h - h - 2*m + 14, 0 = -4*m + 20. Let y(z) = -z + 9. Let s be y(7). Let o(t) = 3 - 3*t + s*t + h. What is o(6)?
-1
Let f be (-620)/16 - 5/20. Let h be (f/26)/((-3)/20). Let o = h - 8. Let q(z) = 2*z**2 - z. Determine q(o).
6
Let c(u) = 2449*u - 4906*u + 75 + 2454*u. Determine c(24).
3
Let h = 2 - -1. Let z(r) = 4*r**3 + 4*r**2 - 7*r - 5*r**h - 13 + 6*r**2. Calculate z(9).
5
Let c(z) = -12*z**2 + 7*z + 2. Let o(d) = -15*d**2 + 8*d + 2. Let u(y) = 6*c(y) - 5*o(y). Give u(-4).
42
Let q be (-14)/(-6) - (-2)/(-6). Suppose -1 = q*x + 3. Let w be 3 + (x + -1 - -3). Let y(d) = -d**3 + 2*d**2 + 1. Determine y(w).
-8
Let z(u) = 11*u**3 - 5 - 13*u**3 - 3*u**2 + u**3 - 8*u**2 + 22 + 14*u. Calculate z(-12).
-7
Let a be 0 + 2 + (2 - 6). Let c be -1 + 1 + 0 + a. Let u(j) = 0*j - 3*j + 0*j**3 + j**2 - j**3 - 2 - 2*j**2. Calculate u(c).
8
Suppose -8*z - 8*z = -96. Let u(p) = 2*p**2 + 6*p + 11. Let n(